88. Let u = 378 + a. Calculate r(u).
6
Let w(u) = 7*u - 17. Let g be 3/7 - 159/(-21). Calculate w(g).
39
Let v(y) = 5*y + 13. Let n(g) = 9*g + 25. Let w(h) = -4*n(h) + 7*v(h). Let k be ((-12)/(-14))/(3/(-420)). Let r = k + 116. What is w(r)?
-5
Let i(c) = -c**3 + 12*c**2 - 32*c + 8. Suppose z = 2*u - 13, 3*u = 21*z - 16*z + 9. Determine i(u).
8
Let x(s) = 11*s + 14. Suppose -4*j - 24 + 14 = -o, 0 = -3*o + 4*j + 6. Calculate x(o).
-8
Let n(q) be the first derivative of 7*q**2/2 + 21*q + 775. Calculate n(-3).
0
Let l be (-10832)/(-56) - (-12)/21 - 5. Let m = -184 + l. Let q(y) = y**3 - 6*y**2 + 6*y - 5. Determine q(m).
0
Let c(u) = 89*u + 10 - 83*u - 8*u**2 - u**3 + 0*u**2 + 11*u**2. Calculate c(6).
-62
Let z(b) = 3*b**3 - 5*b**2 + 1. Let l be ((-2140)/(-1605))/((-1)/(-3)). Determine z(l).
113
Let n(b) = -8*b + b - 2*b - 11 - b**2. Let k(u) be the first derivative of 9*u**2/2 + 55*u + 13. Let s be k(-7). What is n(s)?
-3
Suppose 0 = -5*t + 3*n + 1321, 5*n = -0*t - 5*t + 1345. Let m = 262 - t. Let s(g) = g**3 + 3*g**2 - 2*g + 5. Give s(m).
-3
Let t(u) = u**3 - 37*u**2 + 34*u + 68. Suppose 72*y - 19*y - 1908 = 0. Give t(y).
-4
Suppose 0*n = -10*n. Suppose 0*b + 10*b + 50 = n. Let z(s) = -s**2 - 3*s + 2. Calculate z(b).
-8
Let q be 12*5/330 + 273/11. Let n(j) = 6*j - 152. Let i be n(q). Let r(y) = -4*y**2 - 3*y - 3. Determine r(i).
-13
Let y be (-9)/12 - (-3)/(-12). Let v(i) be the first derivative of 5*i**2/2 + i - 31607. Determine v(y).
-4
Let k(f) = 27*f - 291. Suppose -29*a + 41*a + 220 = 32*a. Determine k(a).
6
Let y(f) = 59*f**3 + 8*f**2 - 2*f - 11. Let m(j) = j**3 - 3*j**2 + j + 4. Let q(o) = -3*m(o) - y(o). Calculate q(1).
-63
Let j(n) = -295 + 149 + 8*n + 136 + 3*n. Give j(-5).
-65
Let b(a) be the second derivative of a**5/20 - 11*a**4/12 + 5*a**3/6 + 9*a**2 - 2*a + 494. What is b(10)?
-32
Suppose -3*d + 671*a - 674*a + 66 = 0, -77 = 6*d - 5*a. Let z(i) = 4*i. Let s(w) = 3*w. Let v(x) = 7*s(x) - 6*z(x). What is v(d)?
-9
Let j(b) = -8*b + 33. Let g(f) = -8*f + 39. Let k(o) = -6*g(o) + 7*j(o). Determine k(-2).
13
Let b(a) = -a**2 + 9*a + 1. Let l(v) = v**3 - 14*v**2 + 15*v - 19. Suppose -18*q + 78 = -12*q. Let g be l(q). What is b(g)?
15
Let o(z) be the second derivative of -11*z**3/6 - z. Let s be 12/(42/(-7))*-2. Suppose s + 16 = -20*v. Give o(v).
11
Let w be -18 + 30 + -10 - -20. Let l(x) = -x**3 + 23*x**2 - 17*x + 18. Determine l(w).
128
Let f = 44 - 38. Let q be (-2)/(-3)*((-99)/f)/11. Let l(j) = -5*j**2 - 2*j - 5. Let d(v) = v**2. Let c(t) = q*l(t) - 6*d(t). Give c(5).
-10
Suppose 24 + 24 = -3*t. Let p(l) = -7980*l**3 + 30*l**2 - 21*l - 47. Let a(g) = -3683*g**3 + 15*g**2 - 11*g - 23. Let r(m) = 13*a(m) - 6*p(m). Give r(t).
-1
Let g(a) = -558*a**2 + 1102*a**2 + 0 + 3*a + 11 - 545*a**2 - 1. Give g(6).
-8
Let m(z) = 9*z**3 + 3*z + 1. Let a(j) = -37*j**3 - 12*j - 12. Let q(s) = -a(s) - 4*m(s). Calculate q(0).
8
Let r(q) = 81*q**3 - 6*q**2 - 20*q + 10. Let f(a) = -25*a**3 + 2*a**2 + 6*a - 3. Let x(b) = 39*f(b) + 12*r(b). Calculate x(4).
-117
Let i(r) be the second derivative of -r**4/12 - 7*r**3/6 + 6*r**2 + r + 89. What is i(-7)?
12
Let c(d) = d**2 - 10*d + 3. Let f(g) = -9*g + 458. Let n be f(50). Determine c(n).
-13
Let a(o) = -45273789*o**2 - 2 - 7 + 45273783*o**2 - 26*o. What is a(-6)?
-69
Let h(a) = -41*a**2 + 17*a - 8. Let y(x) = 100*x**2 - 42*x + 20. Let p(g) = -17*h(g) - 7*y(g). Let u(l) = 2*l**2 + l. Let r be u(1). What is p(r)?
-16
Suppose -3*r = -2*n - 89, 7*n - 2*n = -5*r - 185. Suppose -69*c + 64*c = -205. Let z = n + c. Let a(v) = 25*v**2 + 1. Calculate a(z).
26
Suppose 231*f + 22 = -5*p + 229*f, 5*p = 3*f - 17. Let r(z) = z + 17. What is r(p)?
13
Let n(o) = -9892*o**2 + 4938*o**2 + 4953*o**2 - 73 + 29*o. Determine n(26).
5
Let l(z) = z**2 + 2*z - 5. Suppose -5*f - 82*f + 7*f = -160. Give l(f).
3
Let y = 75 - 45. Suppose 2*m + 0 = y. Let d(b) = -b + 2*b + 0 - 3 + m. Give d(-8).
4
Let q = -2168 - -2180. Let n(b) = 2*b**2 - 24*b + 9. What is n(q)?
9
Let m(p) = p + 1. Suppose -10*z = -22 + 12. Let i be (1/5 + z)/(15/(-50)). Give m(i).
-3
Suppose -4*g + 138 = 5*p + 132, -g = -p + 3. Let q(n) = 2*n**2 + 19*n + 19. Calculate q(g).
2
Let v(t) be the first derivative of 1/2*t**2 - 41 - 2*t. What is v(2)?
0
Let x(t) = -t**3 - 3*t**2 + 7*t + 5. Let c(q) = -2*q**3 - 8*q**2 + 9*q + 4. Let w(r) = 2*c(r) - 3*x(r). What is w(-7)?
14
Let d be (5*(-2)/(-2))/(-1). Let l(a) be the first derivative of a**4/8 + a**3/2 + a**2 - 20*a - 217. Let q(g) be the second derivative of l(g). Determine q(d).
-12
Let w = 7 + -5. Let g(z) = -2*z - 74. Let r(y) = y + 50. Let c(a) = -2*g(a) - 3*r(a). Determine c(w).
0
Let z(s) = -s**2 - 5*s + 6. Let o(y) = 9*y**3 - 3*y + 10. Let i be o(2). Suppose 0 = 2*d + 3*d + 410. Let p = i + d. Give z(p).
0
Let l(v) = -473 - v**2 + 932 - 463. Calculate l(6).
-40
Let k(d) = -25926*d**2 - 36*d + 36 + 12980*d**2 + 12965*d**2 - d**3. What is k(17)?
2
Let z(b) be the second derivative of b**4/12 + 3*b**3/2 + 3*b**2 - 4*b. Let k = -2151 + 2143. Determine z(k).
-2
Let l(y) be the third derivative of 3*y + 4*y**2 - 1/12*y**4 + 0 - 13/6*y**3. What is l(-7)?
1
Let b(i) = -3*i**3. Let r(h) = -7*h**3 + h**2 - h. Let d(c) = -5*b(c) + 2*r(c). Let u = 220 - 65. Let f = 153 - u. What is d(f)?
4
Suppose 0 = -3*b + 15 - 6. Let p(d) = 6 - 636*d**b + 637*d**3 + 6*d**2 - 6*d + 1. Let a = 3 - 10. What is p(a)?
0
Let g(h) = 3 + 303842*h**3 - 303843*h**3 + 4*h - 2*h**2 + 7. Calculate g(-2).
2
Let d(u) = -8*u**2 - 5*u. Let t(v) = 7*v**2 + 4*v. Let i(m) = 5*d(m) + 6*t(m). Suppose -10*p + 1038 = 1018. What is i(p)?
6
Suppose 0 = 2*b + 3*b. Let x be (b - (-1 - -4))/(-1). Let c(n) be the first derivative of -n**3/3 - 3*n + 272. Calculate c(x).
-12
Let z(w) be the second derivative of w**4/12 - 2*w**3/3 - 3*w**2 - 132*w - 1. Let m = 0 - -5. What is z(m)?
-1
Let x(r) be the second derivative of -r**5/20 - 7*r**4/12 + 5*r**3/6 + 15*r**2/2 - 35*r. What is x(-7)?
-20
Suppose -40 = 5*y - 4*i - i, -5*y - 2*i - 19 = 0. Let z(v) = 640363*v - 3*v**2 - 3*v**2 + 6*v**3 - 7*v**3 + 3 - 640369*v. What is z(y)?
8
Let f(r) = r - 9. Let m = -5 + 7. Let o = 2308 - 2306. Suppose m*x + o*j - 8 = 0, -4*j - 8 = -x - x. Calculate f(x).
-5
Let d(q) = 2*q**3 - 6*q**2 + 9*q + 1. Let k be (-96)/(-5 - 7) + (4/(-1) - 2). Calculate d(k).
11
Let b(h) = 2*h**3 + h**2 + 2*h - 1. Let r(l) = -5*l**3 + 4*l**2 - 5*l - 3. Let s(c) = -3*b(c) - r(c). Let i be -3 - (-2)/(-4)*8. What is s(i)?
13
Suppose -48 + 38 = y + 3*h, -4*y + 2*h = -30. Let v(j) = j**2 - 2*j + 4. Give v(y).
19
Let m(s) be the second derivative of 2 - 1/2*s**3 + 6*s - 5/2*s**2. Determine m(4).
-17
Let m(w) = -w**3 - 6*w**2 - 4*w + 1. Let r(t) be the first derivative of -t**3 - 5*t**2/2 - 3*t - 266. Let k be r(-2). Calculate m(k).
-4
Let u(a) = -a**3 + a**2 + 2*a - 1. Let f(h) = -h**3 + 14*h**2 - 15*h + 27. Let l be f(13). Let d(g) = -g**2 - g + 1. Let c(n) = l*u(n) + d(n). Determine c(-1).
0
Suppose 6*q - 27 = 3*q. Let j(a) = 7*a - 471. Let u(c) = 12*c - 786. Let p(g) = -5*j(g) + 3*u(g). What is p(q)?
6
Let b(j) = 3*j - 13. Suppose 5*s = 5*d - 3*d + 33, 2*s + 2 = -3*d. Let w be b(s). Let u(i) = -5 - 4*i + 13*i - i**w - i. Determine u(7).
2
Let p(d) be the second derivative of -7/6*d**3 + 1/20*d**5 + 0 - 7*d + 7/12*d**4 - 5/2*d**2. Let k be (-20)/(-70) + (0 - (-116)/(-14)). Give p(k).
-13
Let i(t) = -2*t**2 + 2*t. Let p(m) = -m. Let v(x) = -13*x**2 + 2*x + 4. Let a(d) = -4*p(d) + v(d). Let w(r) = a(r) - 6*i(r). What is w(-4)?
12
Let j(h) = 6 - 30327*h**2 + 60646*h**2 - 10*h - 30322*h**2. Calculate j(-6).
-42
Let a(s) = 2*s**3 - 18*s**2 + s. Let v be a(9). Suppose 0 = -5*o - 2*r + 5, o - 5 = -3*r + v. Let x(d) = -d - 1. Calculate x(o).
0
Let h(k) = k - 1. Let u(g) = -8*g - 1. Let m(o) = 22*h(o) + 2*u(o). Let i be m(16). Let y = 75 - i. Let s(f) = 3*f**2 - 5*f + 3. Calculate s(y).
15
Suppose -202*r - 17*r = 0. Let s(u) = 2*u**2 - 8*u - 30. Give s(r).
-30
Let c(i) = -16*i - 650. Suppose 315*t - 215*t = -4100. Calculate c(t).
6
Let f(y) = -23. Let c(p) = -7*p - 253. Let n(h) = 2*c(h) - 22*f(h). Let q(l) = -l**3 + 6*l**2 - 6*l + 2. Let g be q(5). Let m = g - -2. What is n(m)?
14
Let x(y) = -y + 7 - 7 + 10 + 3. Let z = -15502 + 15493. What is x(z)?
22
Let y(w) = -w + 69. Let f(h) = -h + 139. Let j(r) = 4*f(r) - 9*y(r). What i